(u).
-1
Let a(p) be the second derivative of p**4/12 - 2*p**3/3 - 3*p**2 - 5*p. Let t be ((-3)/(-6))/(2/24). Give a(t).
6
Suppose 0 = 5*p - 6*p - 11. Let d = p - -15. Let i(h) = -3*h + 6. Calculate i(d).
-6
Let d be (36/(-48))/((-2)/8). Let k(q) = 35 + 3*q**2 - q**d - 16 - q - 17. What is k(3)?
-1
Let x(g) be the third derivative of -g**9/60480 - g**8/4032 - g**7/1680 - g**6/360 + g**5/60 - g**2. Let b(p) be the third derivative of x(p). Determine b(-4).
-6
Let m(o) = -2*o**2 - 3*o - 2. Let f be m(-2). Let p be (-5)/(-20) + (-15)/f. Suppose 5*t + 7 - 41 = -3*n, 3*n + p*t - 29 = 0. Let k(s) = -s**2 + 2. Give k(n).
-7
Let n(j) = -2*j**2 - 4*j - 1. Let y be n(-3). Let o(a) = a**2 + 5*a - 6. Give o(y).
8
Let r(g) = -g**3 + 5*g**2 - 5*g + 3. Suppose -2*n + 3*w = 4, -w - 8 + 32 = 5*n. Let c be r(n). Let i(x) = -2*x**3 + 2*x**2 + x. Calculate i(c).
3
Let i(m) = 3*m - 7. Suppose 0 = -o - 0*o - 2. Let l(v) = v - 3. Let c(h) = o*i(h) + 5*l(h). Let a(w) = w**3 + w**2 - w - 5. Let y be a(0). Calculate c(y).
4
Let b(u) = -u**3 + 6*u**2 - u - 3. Let v(i) = -i**2 - 7*i. Let a be v(-8). Let n be (a + 3)/(5/(-6)). What is b(n)?
-9
Let y be (-9)/(-24) - 153/24. Let c(l) = -l**3 - 7*l**2 - 4*l + 5. Calculate c(y).
-7
Let b = 9 - 18. Let i be 2/3 + (-3)/b. Let w(d) = -6*d - 1. Let r(j) = j. Let t(s) = -2*r(s) - w(s). Calculate t(i).
5
Let a(i) = i**2 - 8*i + 6. Suppose 3*v = 8*v - 30. Determine a(v).
-6
Let l(t) = t**2 - 4*t + 3. Let a be l(2). Let x(r) = -r**2 + r + 1. Let j(m) = -m**3 - 6*m**2 + 4*m + 4. Let o(q) = a*j(q) + 3*x(q). Determine o(-3).
2
Let o(s) be the third derivative of -s**6/120 + s**5/12 - s**4/4 + 5*s**3/6 - 2*s**2 + s. Suppose 7 - 3 = -2*m. Let b be 2/(m/4 - -1). What is o(b)?
-3
Let z(x) be the first derivative of -x - 3/2*x**2 + 4. Let l = 6 + -8. What is z(l)?
5
Let g(o) = o**2 + 3*o + 2. Let h be (-6 - -11)*(-6)/2. Let f be ((-4)/10)/((-3)/h). What is g(f)?
0
Let n be ((4/(-10))/1)/(4/(-20)). Let g(x) = -2*x**2 + 2*x - 3. Determine g(n).
-7
Let z(f) = -4*f. Let j be -1*13/4 - (-45)/(-60). Determine z(j).
16
Let y be -2 - 1 - (-7 - 0). Let b(o) = 2 - 3*o**2 + o**3 - 4*o + 0*o**3 - o. What is b(y)?
-2
Let t(r) be the third derivative of r**4/24 - 7*r**3/6 - 5*r**2. What is t(-6)?
-13
Let b(o) = o - 6. Let y be b(-5). Let g = y + 16. Let n(z) be the first derivative of -z**3/3 + 5*z**2/2 - 6*z + 1. What is n(g)?
-6
Let n(k) = k + 4. Let c = -7 - -11. Let p be (-2)/2*(c - 1). What is n(p)?
1
Suppose t = -4 + 29. Suppose -a - 4*a - t = 0. Let j(h) = 1 + 3*h + 2 - 4*h. Give j(a).
8
Let c(d) = -6*d + 13. Let o(n) = -11*n + 25. Let f(l) = 7*c(l) - 4*o(l). Determine f(6).
3
Let k(r) be the third derivative of 0*r - 1/60*r**5 + 0 - 1/12*r**4 - 1/2*r**3 + 5*r**2. Determine k(-2).
-3
Let v(l) = -l. Suppose -4*h + 3*k = -19, h - 3 - 8 = 2*k. Suppose 3*f - 1 = -4*r, -3*r - f + 1 = -h. Give v(r).
-1
Let r be (3/(-5))/(2/(-10)). Suppose r = -4*s - 1. Let b(d) = -9*d. Give b(s).
9
Let n = -15 + 19. Let y(z) = 5*z**3 + z**2 + z + 2. Let d(f) = -4*f**3 - f - 1. Let s(x) = n*d(x) + 3*y(x). Give s(3).
-1
Let l(x) = -487*x**2 + 4 - x - 3*x**3 + 4*x**3 + 492*x**2 - 2*x**3. Let v be (-1)/(0 + (-1)/5). What is l(v)?
-1
Let f(w) = -4*w + 3. Suppose -2*s + 3 = -5. Suppose 1 = -h + s. Let r = -1 + h. Give f(r).
-5
Let j(s) = -s**3 + 7*s**2 - s + 1. Suppose 4*q + 3 = -1, 4*k - q = -3. Let h(z) = z**3 - z**2. Let n(b) = k*j(b) - 2*h(b). What is n(-5)?
-6
Let m(q) = q - 1. Let p be m(9). Let a = 11 - p. Suppose -2*d - 1 = 5, a*w - 5*d - 6 = 0. Let i(r) = r**2 + 2*r - 4. Give i(w).
-1
Let c(w) = -3 + 0*w**2 - 4*w + w**2 - 5*w**2 - w**3 + 2*w. Determine c(-3).
-6
Let q(j) = j**3 + j**2 - 7. Let g(l) = l**2 + 4 + 3*l + 3*l**2 - 5*l**2. Let p be g(4). Calculate q(p).
-7
Let u be 1 - (-2 + 0)/1. Let f(y) = -4*y - 4*y + u*y - y**3 + 2*y**3 - 3*y**2 + 5. Determine f(4).
1
Let b(d) = d**3 + 6*d**2 - 2*d - 9. Let u be b(-6). Let i be (0 - 2/(-6))*u. Let y(a) = a + 6*a**3 - 3*a**3 + 0*a**3. Determine y(i).
4
Suppose -25 = -5*k - z, -2 + 5 = 3*k + 3*z. Let c(v) = -v. Determine c(k).
-6
Let j(p) be the first derivative of -3/2*p**2 + 2/3*p**3 - 1/4*p**4 + 3*p - 2. Let k(r) = r**3 + 9*r**2 - 11*r - 8. Let a be k(-10). Give j(a).
-3
Let u(b) = -b**2 + 6*b + 7. Let v be u(6). Let n(k) = k**2 + v + 7*k + 1 + 1. What is n(-6)?
3
Suppose 3*m = 7 + 5. Suppose -4*j + j - 13 = -q, -49 = m*j + 5*q. Let u(z) = z + 5. Determine u(j).
-1
Let m(q) be the third derivative of 0 - 2*q**2 + 1/4*q**4 + 0*q + q**3 + 1/60*q**5. Suppose r - 2*h = -2 - 0, r + 1 = 3*h. What is m(r)?
-2
Let q = 12 - 6. Suppose -q*y - 5*d = -2*y - 371, 5*y + d = 469. Let o be (-6)/27 - y/(-18). Let z(p) = p**2 - 5*p. Give z(o).
0
Suppose 0 = -0*l - 7*l - 28. Let j(c) = -c**2 - 4*c - 3. Determine j(l).
-3
Let w = 2 - 1. Let b(a) be the third derivative of 1/6*a**3 + 0 + 0*a - 4*a**2 - 5/24*a**4. Determine b(w).
-4
Let b(h) = 3*h - 8. Let o = -31 + 37. What is b(o)?
10
Let w(b) be the third derivative of -b**5/30 + 5*b**4/24 + 2*b**3/3 + 4*b**2. Determine w(4).
-8
Suppose -2*j + 9 = j. Let w(u) = -u**3 + 3*u**2 - u - 3. Let a(z) = 3*z**3 - 10*z**2 + 3*z + 10. Let p(h) = j*a(h) + 8*w(h). Determine p(6).
12
Let j(p) = p**2 - 4*p - 3. Let d be 7/(14/(-4))*-2. Give j(d).
-3
Let n(w) = -w**2 + 7*w - 1. Let m(y) = y**2 + 5*y - 7. Let p be m(-7). Give n(p).
-1
Let m(z) = z**2 + 3*z - 4. Let s be m(-4). Let j(p) be the third derivative of 1/30*p**5 + s*p + 0 + 0*p**4 + 1/6*p**3 - p**2. Determine j(1).
3
Let l(m) = -6*m**3 - 7*m**2 + 2*m - 6. Let y(t) = -t**3 - t**2 - 1. Let r(w) = l(w) - 4*y(w). Determine r(-3).
19
Suppose -k = -2*k. Suppose x - 5*x = k. Let v(z) = z**3 - z + 1. Determine v(x).
1
Let p(m) = -m + 4. Let h be p(5). Let a(n) = n. What is a(h)?
-1
Let z(l) = 1 + 0*l**2 - 434*l**3 + 219*l**3 + 223*l**3 + 0*l**2. Suppose 5 = -6*i + i. What is z(i)?
-7
Let i = -11 - -4. Let f be i + 5 + (-1)/1. Let b(g) = 2*g**2 - 3. Calculate b(f).
15
Let q(p) = -p + 2. Let l be 6/(-1)*(-3)/6. Suppose -15 = -3*r - 3*i, 5*r - 11 - 8 = -l*i. Suppose -r = -b - 0. Calculate q(b).
0
Suppose -18 = -2*m - m + 3*y, -3*y = -2*m + 13. Let b(l) = -l**2 + 4*l + 1. Let f be b(m). Let p(d) = -d - 5. Give p(f).
-1
Let h = -2 - -1. Let o be h/(2/(-4)) + 3. Let g(q) be the first derivative of -q**4/4 + 5*q**3/3 - q**2/2 + 2*q - 5. Calculate g(o).
-3
Let x(i) = -i**2 - i**2 - 111 + 109. Calculate x(2).
-10
Let a be 1/(0 - (-2)/(-6)). Let r(c) be the first derivative of c**4/4 + 2*c**3 + 2*c**2 - c - 27. Calculate r(a).
14
Let j(m) = -6 - m + 2*m + m**2 + 0*m**2. Suppose 7*a = 12*a. Calculate j(a).
-6
Let f be ((22/(-1))/(-2))/(-1). Suppose 3*z - 7 = 4*j + 16, 5*j + 25 = 5*z. Let c = j - f. Let s(n) = n**3 - 3*n**2 - 4. Determine s(c).
-4
Let o = -2 + 5. Let y be (-1)/o + 55/3. Let m be y/(-15)*(-5)/2. Let t(g) = g**3 - 2*g**2 - 5*g + 3. Calculate t(m).
-3
Let v(n) = -n**2 - 7*n - 3. Let c(p) = 4 + 7*p + 0 - 3. Let g be c(-1). Calculate v(g).
3
Suppose 15 = q - 4*q. Let a(j) = -20*j**3 - 5*j**2 - 5 + 13*j**3 + 6*j**3. Give a(q).
-5
Let k(g) = g**3 + 3*g**2 - 3*g - 1. Suppose x + 16 = d + d, -x + 14 = 4*d. Let z(m) = -2*m**2 - 2*m**2 - m**3 - m**2 - 4 - m**2. Let u be z(x). Give k(u).
-5
Let t(m) be the second derivative of -5/6*m**3 + m + 2*m**2 + 0. Determine t(4).
-16
Suppose -6*u = -u - 10. Let b(s) be the first derivative of 4 - 2*s + 1/2*s**u. What is b(0)?
-2
Let s(m) = 12*m + 1. Suppose 15 = -5*z - o, -3*o - 11 = 4. Determine s(z).
-23
Let l(c) = -c**3 - 2*c - 1. Let j be (-2)/6 + (-40)/15. Let a be j - (-5 + 1 + 2). Calculate l(a).
2
Let j(u) = u**2 - 7*u + 7. Let p be j(5). Let n be 0/(2*-2 - p). Let m(g) = g**2 + 7. What is m(n)?
7
Let k(y) = -6*y + 7. Let q(j) = -4*j - 43. Let s be q(-12). What is k(s)?
-23
Let k(o) be the third derivative of -o**6/120 + o**5/12 - o**4/12 + 2*o**3/3 - o**2. Calculate k(5).
-6
Let x(o) be the first derivative of -3*o**2/2 + 6*o + 8. Let s be 2/(-4) + (-129)/(-6). Suppose 0 = 5*f + 3*c - 5*c - 18, s = 5*f + c. Calculate x(f).
-6
Let v(j) = -j**2 - 7*j - 5. Let k be (-258)/(-301) + 68/(-14). Give v(k).
7
Suppose 4*m = -4*m - 24. Let n(b) = 2*b + 1. Give n(m).
-5
Let f(w) be the second derivative of w**4/12 + w**3/2 + 16*w. Calculate f(-3).
0
Suppose 26 = -3*y + 8. Let t(m) be the third derivative of -m**5/60 -